Give q(-5).
-4
Let g = 24 - 20. Let f(d) = 2 - g - 5 - 3 + d. What is f(5)?
-5
Let o(w) be the second derivative of -1/6*w**3 + 1/2*w**2 - 3*w + 0. Calculate o(3).
-2
Let m(q) = -q**3 + 8*q**2 - 8*q + 8. Suppose -o - 1 = -8. Give m(o).
1
Suppose -4*q = -7*q - 12. Let u(l) = -9*l**3 - 3*l**2 - 9*l + 7. Let v(x) = -4*x**3 - 2*x**2 - 5*x + 4. Let t(c) = q*u(c) + 7*v(c). Calculate t(1).
7
Let r = 46 + -41. Let o(i) = -i**3 + 5*i**2 + 2*i - 1. Calculate o(r).
9
Let q(a) = -12*a**3 + 3*a**2 - a + 1. Let j(u) = -24*u**3 + 7*u**2 - 2*u + 2. Let l(c) = -2*j(c) + 5*q(c). Calculate l(1).
-11
Let a(d) = d**3 - 11*d**2 + 6*d - 9. Let x(j) = -j**3 + 10*j**2 - 7*j + 8. Let t(g) = 2*a(g) + 3*x(g). Calculate t(7).
-8
Let c = 3 - 1. Let d(z) = c*z**2 - 4*z - 3*z**2 + 1 - z. Let h = -51 + 47. Calculate d(h).
5
Let u(g) be the third derivative of -g**6/120 + g**5/15 + g**4/24 + 3*g**2. Let s(m) = -2*m + 24. Let d be s(10). Give u(d).
4
Let y(a) = a - 2. Suppose 17 = -3*l - j, l + 2*j = 3*j + 1. Give y(l).
-6
Let t(j) be the third derivative of j**4/24 - 5*j**3/6 - 63*j**2. What is t(6)?
1
Let k = -15 - -22. Suppose -w + k = -3*b, -4*w - 3 = -b + 2. Let x(h) = h**2 + 1. Determine x(w).
5
Let z(i) be the first derivative of -3*i**2 - i + 11. Calculate z(-1).
5
Let b(o) be the first derivative of -3*o**2 + 2*o + 11. Calculate b(-2).
14
Let f(c) = -c + 14. Suppose -6*g + 13*g - 49 = 0. Determine f(g).
7
Let s(x) = -2*x - 4. Suppose 0 = f + 3*g - 14 - 4, 0 = -g + 5. Suppose 30 = 5*r - f*r. Suppose 7*l = 2*l - r. Determine s(l).
2
Let m(k) = -3 + k**2 - 4 - 4*k + 4 + 4. Determine m(4).
1
Let s(u) = u**3 - 3*u**2 + u - 25. Let a(n) = -n**3 + n**2 - n + 1. Let g(o) = 2*a(o) + s(o). Determine g(0).
-23
Suppose -3 = -i + 4*y - 5*y, 2*y + 22 = 5*i. Suppose 2*l + i = 6. Let j(s) = 11*s + 1. What is j(l)?
12
Let y(x) = x**3 + x**2 - x - 2. Let s(h) = h - 4. Let j be s(4). Let d be (-3 + j)/(6/4). Give y(d).
-4
Let j be 0/(1 - 0) - -6. Let t be 56/j - 6/(-9). Suppose 2*d + 0*d - 4*l + t = 0, 5 = l. Let o(y) = -y + 6. Calculate o(d).
1
Let i be (0/5 + 10)*(-2)/(-5). Let t(z) = z**3 - 2*z**2 - 5*z + 5. What is t(i)?
17
Let j = -6 - -7. Suppose 3*o - 4*o = -j. Suppose -f - o = 4. Let n(i) = -i**2 - 4*i - 1. Calculate n(f).
-6
Suppose 3*p + 2*a + 10 = 4, -2*p = 2*a + 6. Let g(w) = p*w + 0*w + w. Give g(-5).
-5
Let y(z) = -z**2 - 6*z + 5. Let a be (-33)/11 + 4/(-1). What is y(a)?
-2
Let n(d) = d**2 - 4*d + 1. Let w be (-6)/5*(-20)/6. Suppose -w*g - g + 25 = 0. What is n(g)?
6
Let q = 3 + -10. Let a(w) = w**3 + 7*w**2 - w - 1. Calculate a(q).
6
Let y = 51 - 47. Let t(q) be the third derivative of -1/6*q**y + 1/6*q**3 + 3*q**2 + 0 - 1/20*q**5 + 1/120*q**6 + 0*q. Give t(3).
-11
Suppose -4*v - 89 - 119 = 0. Let g be 50/13 + (-8)/v. Let k(y) = y**2 - 7*y + 6. Determine k(g).
-6
Let z(n) = n + 1. Let t(c) = -c**2 - 7*c - 2. Let d(o) = -t(o) - 4*z(o). Give d(-2).
-4
Suppose 2*h - 2*n = 12 + 2, 2*h + 6 = -2*n. Let y(p) = 3*p**3 - p**2 + h*p + 3*p**3 + p - 4*p. Determine y(-1).
-6
Let y(z) = -z**3 + 7*z**2 - 2*z - 4. Suppose 0*q = 2*q - 4*r - 8, -2 = -2*r. Determine y(q).
20
Let v(l) = l**3 + 3*l**2 + 3*l + 2. Let g be v(-2). Let s(t) be the first derivative of t**2/2 + 8*t - 3. What is s(g)?
8
Let o be 11/(-1)*(-1 + 2). Let p = o - -14. Let d(l) be the first derivative of -3*l**2/2 - l - 1. Calculate d(p).
-10
Let z be (2 + -4 - -1) + 3. Let d(o) = o**z - 3 + 2*o + 2 + 2*o. Suppose 0 = 2*m - 3 + 11. What is d(m)?
-1
Let j(a) = 34 - 2*a - 14 - 17. What is j(6)?
-9
Let m(n) = n - 1. Let s(v) = 10*v - 3. Let c(w) = 6*m(w) - s(w). Let h be c(-2). Let d(j) = -j + 5. Calculate d(h).
0
Let c(w) be the first derivative of w**4/4 + 2*w**3/3 - 3*w**2/2 - w + 28. What is c(-3)?
-1
Let v = -137 - -143. Let f(m) = -m**3 + 6*m**2 - 4. What is f(v)?
-4
Let s(h) = h**2 - h - 7. Let j = -23 - -23. What is s(j)?
-7
Let q(g) be the first derivative of 1/2*g**2 - 3 + 2*g. Determine q(-1).
1
Let h(u) be the second derivative of 1/2*u**2 - 3*u + 0 - 1/12*u**4 + 0*u**3. Let v(b) = -b - 7. Let l be v(-10). Determine h(l).
-8
Let f(l) = 4*l**3 - 17*l**2 - 27*l - 8. Let d(x) = x**3 - 6*x**2 - 9*x - 3. Let s(t) = -7*d(t) + 2*f(t). What is s(-7)?
-9
Let g(c) = -c**2 - 10*c - 5. Let u be -13*(-3)/(-6) - 6/4. Determine g(u).
11
Let y = 11 - 9. Suppose q = d - 9, -d - 3 = y*q - 0*d. Let a(x) be the third derivative of x**5/60 + x**4/6 - x**3/6 + x**2. Calculate a(q).
-1
Let w(v) be the first derivative of 7/2*v**2 - 1 + 3*v + 1/3*v**3. Give w(-6).
-3
Let r = -11 - -6. Let v(s) be the first derivative of s**3/3 + 3*s**2/2 - 5*s + 4. Give v(r).
5
Suppose -q + 5*q = -40. Let i = q - -15. Let v(w) = 3*w - 2 + 8 - i*w. Determine v(4).
-2
Let a(u) be the first derivative of u**3/3 + 3*u**2/2 + 2*u + 5. Suppose 3*l + 0*l = c - 11, 0 = -2*l - 10. Determine a(c).
6
Let j(q) = 54 + 4*q**2 - 25 + 3*q**2 - 30. Determine j(-1).
6
Let g(p) = -2*p - 8. Let f = 2 - 16. Let d = 8 + f. Determine g(d).
4
Let d(k) = -k**2 + k + 6. Suppose 10*v - 15*v + 30 = 0. Give d(v).
-24
Let k(h) = h**2 + 6*h + 3. Let a(r) = -r**3 + 10*r**2. Let q be a(10). Suppose -3*m + q*m = 6. Calculate k(m).
-5
Let t(j) = 14*j - 38*j + 1 - 2*j**2 + 0*j**2 + 23*j. Give t(1).
-2
Let f(y) = y**3 + 6*y**2 - 5. Let v = -4 + 4. Let z be v + -2 - (1 - -3). Give f(z).
-5
Let u(i) = -3*i. Let y = -18 + 15. Calculate u(y).
9
Suppose 9 = -5*j - p, -3*j = -8*j - 4*p - 6. Let o(g) = -g**3 - g**2 + 2. Give o(j).
6
Suppose 0 = -4*v - 5*c - 11 - 6, 2*v - 3*c - 19 = 0. Let p(n) = v - 3*n**2 - n - n + n. Let j be (-112)/63 + 4/(-18). What is p(j)?
-8
Let a(v) be the third derivative of -3/2*v**3 - 1/24*v**4 + 0 - 3*v**2 + 0*v. Give a(-5).
-4
Suppose -24 = -2*a - 14. Let x(f) = -5*f + 7. Calculate x(a).
-18
Let a(b) = -b. Let k be a(-3). Suppose -5*w = k*i + 12 + 3, 2*w = -2*i - 10. Suppose w*v - 10 = 5*v. Let p(c) = c + 2. What is p(v)?
0
Let q = -139 + 137. Let a(v) = v**2 + 4*v - 1. Determine a(q).
-5
Let h = 3 + 5. Let m(l) = l - h - l**3 + 5*l - 7*l. What is m(0)?
-8
Let h(o) = -2 + 4*o + 3 - 5*o. Let f = 7 + -7. Suppose 0 = 4*a - f*a - 4, -4*a + 4 = -4*b. What is h(b)?
1
Let x(a) = a + 2*a - 4*a + 2*a**2 + 1. Let m(u) = u**2 - 2*u - 1. Let i be m(3). Let h be (i/(-4))/((-3)/6). Calculate x(h).
2
Let m = 4 + 0. Suppose 0 = -7*n + 9*n - 4. Let z(s) = s**2 - 4*s - 2*s**n - 1 + 9*s. Calculate z(m).
3
Let w(f) = -3 + 7 + 5 + 4*f. Give w(-6).
-15
Let r(s) be the third derivative of -s**6/120 + s**5/60 - s**4/24 - s**3/6 + 9*s**2. Calculate r(2).
-7
Let b = 6 + 1. Let m(i) = 10*i - 4. Let d(p) = -7*p + 3. Let s(o) = b*d(o) + 5*m(o). Give s(3).
4
Let t(h) = -h**2 - h. Suppose -4*v = -5 + 1. Suppose b = f - 3, 5*b - 4*f + 11 = -v. Calculate t(b).
0
Let u(w) = 6*w + 5 + 0*w + 9*w - 13*w. What is u(-6)?
-7
Suppose 0*f - 24 = -4*f. Let o(u) = 2*u - 18. Let p(a) = -a + 8. Let y(g) = 2*o(g) + 5*p(g). Give y(f).
-2
Let f(w) = -5*w**2 - w + 1. Let v(z) = -z. Let x be v(-3). Let k = 4 - x. Let c be (0 - (k - 0))*-1. Calculate f(c).
-5
Let h = -5 - -5. Let m(p) be the third derivative of -p**6/120 - p**5/60 - p**3/6 + 8*p**2. Determine m(h).
-1
Let w be (-3)/((-2)/2)*1. Suppose -w*l + 2*z - 11 = 3*z, 0 = l - 3*z + 17. Let x(g) = g**3 + 4*g**2 - 5*g + 5. What is x(l)?
5
Let s(c) be the third derivative of c**6/120 - c**5/60 - c**3/6 + 11*c**2. Let w be (-2 - 1*-5) + -1. What is s(w)?
3
Let z(m) be the third derivative of m**6/120 - 2*m**5/15 + m**4/12 - 2*m**3/3 + 2*m**2. What is z(8)?
12
Let l(s) = -2 - 3*s + 0*s**2 - 6*s - s**2 - s. Let b(q) = -q**2 - 11*q - 2. Let p(j) = 4*b(j) - 5*l(j). Determine p(-6).
2
Suppose 6 = -2*w - 0*w. Let z be 1 - (1 - (2 + 1)). Let o = w - z. Let g(u) = u + 2. Determine g(o).
-4
Let f(a) = 2*a - 8. Suppose -2*t = t - 12, -2*b - t + 16 = 0. Calculate f(b).
4
Let u(c) = c**2 - 6*c - 1. Suppose 3*z + o = 60, z + 2*o - 80 = -3*z. Let f be (-1)/(-2)*z/2. Determine u(f).
-6
Suppose 3*t - 30 = -0*t. Let i(o) = 2 + t*o + 3*o - 5*o. Let u(g) = -3*g - 1. Let a(x) = -2*i(x) - 7*u(x). Calculate a(-2).
-7
Let c(d) = d**3 + 7*d**2 + 6*d + 8. Let z = 2 + -8. What is c(z)?
8
Let j = -13 + 14. Let a(v) be the third derivative of 0*v + 0 - 1/6*v**3 - 5/24*v**4 + v**2. Calculate a(j).
-6
Let s(l) = -2*l - 7 - 6*l + 7*l + 1. Give s(-3).
-3
Let j(v) be the first derivative of v*